72 - (11 - 14 - 15)?
37
What is -22 - (7 + -12 + 11 - 16 - 3)?
-9
Calculate -21 - (-15 - (15 + -22 + -51)).
-64
What is -15 + (-5 - -9 - -2 - (179 - 177))?
-11
Calculate 5 + (-12 - ((8 - (-11 + -3)) + -19)).
-10
What is the value of -11 - -1 - (-114 + 13 - -18)?
73
Calculate -573 - -493 - ((-10 + 4 - -3) + -6 - -4).
-75
What is 8 + -16 - ((12 - 5) + 10 + -7) - 13?
-31
What is the value of 0 + (4 - 11) - (5 - 3)?
-9
73 - ((-301 - -351) + 0 + -17)
40
Evaluate (86 - 0) + (2082 - 2127).
41
63 - (-35 + -23 - -67)
54
(-1 - 0) + (0 + -1 - (1217 + -1186))
-33
What is the value of 13 - (20 + -39 + 11 + -5)?
26
Calculate 52 + -78 + 15 - -18.
7
What is (-31 - -46) + -49 + 8 + -7 + -11?
-44
What is the value of 3842 + -3808 + 1 + (-2 - 0) + (-1 - -1)?
33
Calculate (-2 - 60) + (-116 + 79 - (-60 - -6)).
-45
Evaluate 4 - (31 - 2 - (61 + -35 + -20)).
-19
(-27 - (28 + -5 + -73)) + -42
-19
What is -62 - (-252 - (-137 + 50))?
103
Evaluate 82 + -5 + (-54 - -48 - (-2 + 3) - 5).
65
Evaluate 24 + (-7 - (-21 + -6)) + 8.
52
Evaluate (-2 - 2) + 87 + -92 - 13 - -2.
-20
Evaluate -74 + (-122 - -309 - 27).
86
23 + -8 + -2 + -35 + 17 + (-66 - -1)
-70
Evaluate 92 + (-33 - -2) + (30 - 21).
70
Calculate -695 - -650 - (7 + -113).
61
What is the value of 11 + 0 + (-8 - 11) + 16 - 39?
-31
What is the value of -48 + 49 + -18 + -123 + 32?
-108
What is the value of 24 - (5 + -30 - -10)?
39
What is the value of -1 - (196 + -101 - 35)?
-61
Evaluate (1 - 0) + (1521 - 1479).
43
(1 - 9 - (5 - 77)) + -11 + -9 + -13
31
What is the value of -7 - 85 - (-50 + 13 - -40)?
-95
What is the value of -27 - (-95 - (87 + -74))?
81
What is (-76 - -4 - 36) + 56?
-52
What is the value of -50 + (220 - 160) + 0 + -1 + -4?
5
Calculate (-50 - 0) + -2 + (-8 + (23 - 40) - -31).
-46
What is the value of -22 + -1 + 2 - (194 - (-62 + 206))?
-71
What is (18 - (18 + -12) - 6) + -43?
-37
(33 - (89 - 51)) + -35
-40
Evaluate -147 + (-7 - (27 + -18)) + (13 - (6 - 10)).
-146
Calculate 90 - 16 - (-108 - -124).
58
16 + (-3 - -7 - 13) + (1 - 17) - 47
-56
Calculate -7 + (0 + -6 - (-13 - -11)) - (-81 - -22).
48
What is 42 + (35 - (-5 + 13))?
69
What is the value of 7 + (-29 + 4 - ((28 - (4 + 12)) + -1))?
-29
What is 29 - (-10 + -10 + -9 + 18)?
40
Evaluate 28 + 165 + -76 + -85.
32
Evaluate (0 - -7 - -23 - (24 + -12)) + 11.
29
5 + 1 + (-31 - (-40 - -22)) + 44
37
Evaluate 104 + (112 - (64 - -52)).
100
What is -5 - (-20 + 9 - 53) - (13 + -18 - -12)?
52
What is the value of 24 + -109 + 6 - (4 - (-7 + 6)) - -5?
-79
What is the value of (-43 - 1) + 3 + (4 + -16 - -7) + 11?
-35
What is the value of -91 + 61 + -15 + 62 + 3?
20
What is 12 + -31 - (-51 - 2)?
34
Calculate -3 + 20 - (-627 - -743).
-99
What is the value of (-1 + 1 - 36) + -124772 + 124813?
5
-8 - -1 - (17 - (42 + -8 - 12))
-2
What is the value of -1400 - -1424 - (3 + -5 + -33)?
59
What is -15 + -4 + (-39 - (-93 - -24))?
11
15 + (-25 + 0 + 9 - (-18 - (-9 - 2)))
6
What is the value of 99 + 2 - (-43 - (-52 - 5) - -4)?
83
Calculate -510 + 516 - (4 + -1 + -38 - 1).
42
120 + (8 - 157) - -43
14
(8 - ((3 - -54) + -15)) + -11 + 9
-36
11 + 3 + (-55 - -48 - -24)
31
What is the value of -9 + 137 + (-604 - -514)?
38
What is 2 - ((-2 - 44) + (8 - 1) + (4 - 4))?
41
What is (8 - (-16 + 9 + 4) - 15) + 29?
25
79 + -37 + -121 - -116
37
Calculate 72 + 0 + -159 + 123.
36
What is -42 - (0 - -24 - (12 + (-53 - -52)))?
-55
What is 2 - (-27 + 48 + 50)?
-69
What is the value of -9 + (-12 - (9 + -35))?
5
(-55 - -80) + (-64 - -1) - 5
-43
What is the value of 573 + -562 - (-16 - -8)?
19
53 + (-144 - -138) + -4 + (2 - 2)
43
Evaluate 30 + -16 + 11 + -47 - -44.
22
What is -20 - (3 - 13) - (116 + -111)?
-15
Calculate (-10 - (0 - 1)) + -168 + (-236 - -407).
-6
What is the value of (21 - -30 - -14 - 15) + -16?
34
What is the value of 22 + -3 - ((12 + 13 - 3) + -10 - 4)?
11
What is (-8 - -104) + 10 + -13 + -1 + 4 + 1?
97
What is (-1 - 42) + (28 + -97 - -74) + 2 + 11?
-25
What is the value of (342 - 445) + (-1 - -95)?
-9
(-4 - (2 - (6 - -3))) + 2 + 2
7
Evaluate -8 + -6 + 1 + (8 - 23).
-28
What is 25 - (-22 + 2 + (159 - 159))?
45
What is (-3 - -6 - 1) + 79 + 1765 + -1743?
103
What is the value of -24 + 18 + -27 - (26 + -9 - 1)?
-49
What is the value of (0 - 0) + 42 + 2 + (25 - (24 - 0))?
45
Calculate (-19 + 6 + -10 - -25) + 32.
34
Evaluate 0 + (52 - (53 + -14)).
13
What is 82 + (-38 + (33 - 16) - -5)?
66
Calculate 2 - 12 - (-25 - (-17 + 3)) - 4.
-3
What is 24 - ((2 - -1) + 13 + -2) - -23?
33
50 - -3 - (-872 + 934)
-9
Calculate 14 + (21 - -26) + (-12 - -9) - 16.
42
Evaluate 34 + (-15 - (14 - 83)).
88
What is -1 + 34 + (167 - (-104 - -294))?
10
Evaluate (17 - 33) + (70 - 16 - 13).
25
Calculate 6 + 18 + 27 + 25 - (-3 + -1 + 1).
79
What is the value of 49 + (-49 - -19 - 57)?
-38
What is 156 + -103 + (-11 - 0 - -15)?
57
What is 36 + -41 + (26 - 80)?
-59
-96 + 23 - (-23 + 41)
-91
Evaluate (-53 - -34 - -31) + (-12 - -1).
1
Evaluate (0 - -76) + 57 + -80 + 12.
65
Calculate 10 - (-43 + 25 + 6 - (-11 - 7)).
4
What is -181 + (43 - -46) - -46?
-46
Evaluate (3 - 5) + -42 + -1 - (32 + -32 - -1).
-46
What is (13 - (-8 + -7 + 22)) + (5 - -2) + -9?
4
Evaluate -51 + 29 + -3 - -43.
18
What is the value of (-8 + 55 - -1) + (-38 - -16) - 3?
23
93 + (-109 - (86 + -86))
-16
112 + (32 - 66 - -6) + -17
67
Calculate -55 + (27 + 27 - 25) + -63.
-89
61 - (-57 + (9 - -19) + 4)
86
Evaluate (7 - -1 - 18) + (0 - -8) + -50 + 6.
-46
What is 16 - (-5 + 3 + -15) - -8 - (-1 + 9)?
33
Calculate -24 + 34 + (-6 - 1) + -3 - (-12 - -11).
1
What is the value of (-13 - 3) + -16 + 10 + (10 + -17 - -5)?
-24
Evaluate 19 - ((1107 - 1104) + 2 + -11).
25
What is the value of 78 - (144 + -47 - 23)?
4
21 + -92 + 52 - (2 - (-1 - -14))
-8
-18 - (-33 + 72) - -20
-37
What is -9 + 14 + -15 + 0 - (-7 + -19)?
16
(-2 - -17) + 120 + -55 + -13
67
Evaluate (5 - (-2 - -17)) + 8 + 48 + -16.
30
What is -97 + (-18 - -30 - 13 - (-10 + 9) - -4)?
-93
Evaluate -30 + 128 + -256 + 133.
-25
-19 - (-2 - (4 - 9)) - (-7 + -54 + 74)
-35
What is the value of 27 - 40 - -18 - 3 - (12 - 1)?
-9
What is 15 + 64 + -76 + -4 + 6 + 37?
42
What is the value of -41 - -33 - ((3 - 9) + 35)?
-37
(5 - 41) + 4 + (76 - 82)
-38
Calculate 11 + (-19 + 35 - ((2 - -19) + -1)) + 17.
24
What is (6 - (4 - -5)) + (-38 - 10) - 5?
-56
What is the value of -2 - (0 - 1) - (1 + -7) - 36?
-31
What is 88 - (-4 - (-4 - -21 - 52) - 15)?
72
What is the value of -11 + (12 + -92 - -23) + 2 + 11?
-55
(112 - 137) + 6 + (-24 - 3 - (26 - 35))
-37
What is the value of -54 + 4 - (25 - 28) - -11 - -4?
-32
What is the value of -39 - (-11 + -40 + 39)?
-27
0 + (-20 - (0 + 1)) - (-2373 + 2383)
-31
(2 - 2) + 18 + -1 + (63 - 46 - 10)
24
Calculate 3 + 72 + -6 + 2 + 8 + -17.
62
Calculate (-28 - -54) + -69 + 10 + -3 + 1.
-35
What is 60 - (114 - (40 - -46))?
32
6 + 6 + 35 + (-7 - 46)
-6
Calculate 1392 + -1470 - (-148 + -2).
72
What is (-19 - -47) + -3 + -42 - -15?
-2
-4 + -1 + 302 + -296 - (1 - -77)
-77
Calculate (2 + -14 + 2 - (-646 + 629)) + 41.
48
What is the value of ((2 - (-1 - 2)) + -6 - 46) + -13?
-60
9 - 25 - -21 - 20 - 43
-58
27 - (45 + 1) - 15
-34
Calculate (5 + -9 - -23 - -11) + -3.
27
Calculate 40 + -58 + 79 + -124.
-63
Calculate (51 - (64 - 0)) + -7 - (0 - -58).
-78
What is -6 + (0 - 1) + (163 - 77) + -72?
7
What is the value of (33 - -16) + -53 + 47?
43
What is -6 + -59 - (3533 - 3594)?
-4
-2 - (12 - 9 - -1 - 10) - 11
-7
What is the value of (29 - (11 + 32)) + (-50 - (14 + -28))?
-50
What is -10 - (95 + (-28 - 49))?
-28
What is the value of (-48 - (21 + -71)) + -3 + -5 + 62?
56
(7 - 24) + -7 + (124 - 105)
-5
Calculate 7 - (-18 + 19 + -15 + 0).
21
-290 + 221 - ((0 - 0) + 0 + -4)
-65
What is the value of 40 - (0 + (-10 - -5)) - (-5 - 1)?
51
Evaluate 28 + -26 + -63 + 16.
-45
What is the value of -1 + 8 + -17 + 8 + -7 + 73 - 9?
55
Calculate -3 + 13 + (-11 - -3) + (15 - 8).
9
-61 + (-58 - -45) - 54
-128
Calculate 10 + -1 + (-9 - -10 - 3) + 3 - -54.
64
What is the value of 44 + -69 - (68 - 61)?
-32
What is 1 + -49 - (24 + (-39 - -18) + 13)?
-64
What is 2074 + -2049 - (6 - (1 - -1))?
21
What is 62 + (-101 - (-4 - -2))?
-37
(-12 + 7 - 18) + -28
-51
Evaluate (1 - 50) + (3 - -7 - 8) - 5.
-52
Evaluate 150 + (-1215 - -1244) + (-48 - -2).
133
What is -6 + -23 + (-1445 - -1522)?
48
What is 16 - -1 - ((-408 - -368) + (-1 - -10))?
48
(-2 